 r(b) = -2*b**2 + 25*b - 11. Let x be r(9). Calculate the greatest common factor of x and 13.
13
Let y(w) = 1. Let o(q) = -2*q + 13. Let z(c) = -o(c) + 5*y(c). Let h be z(5). Suppose -5 = -x + h. Calculate the highest common factor of 21 and x.
7
Let d = -109 - -225. What is the greatest common divisor of 29 and d?
29
Let i = 3574 + -2410. Calculate the highest common divisor of 12 and i.
12
Suppose v + 3*v = 0. Suppose 0 = -v*a - a + 12. Suppose 164 = 7*q - 46. What is the highest common divisor of a and q?
6
Let u(l) = -6*l - 27. Let t be u(-5). Suppose -10 = -t*f + 86. What is the highest common factor of 4 and f?
4
Suppose -4*x - 3*z - 3 = 0, 4*x = 8*x - 4*z - 4. Let b = 9 + x. Let y = -18069 - -18141. What is the greatest common factor of b and y?
9
Let h = 4 + 42. Let v = 201 - 86. What is the highest common factor of v and h?
23
Let k(t) = t**3 + 3*t**2 + 34*t - 213. Let m be k(6). What is the greatest common factor of m and 252?
63
Suppose 40*k - 705 = 455. Calculate the highest common divisor of 232 and k.
29
Suppose 4*k + 7 = 19. Suppose 9265 = -5*m - 5*x, 0 = k*m + 5*x + 2687 + 2870. Let y be 4/(-22) + m/(-33). Calculate the greatest common factor of y and 14.
14
Let t be (-74)/(-6) + 5/(-15). Suppose t + 8 = 2*b. Let v be 9/12*(-80)/(-6). What is the greatest common divisor of b and v?
10
Let i = -136 - -136. Let v(b) be the third derivative of -b**4/24 + 3*b**3 + b**2. Let u be v(i). What is the highest common divisor of 2 and u?
2
Let j(z) = z**2 - 4*z - 7. Let a be j(-3). Let w(u) = u + 9. Let x be w(-9). Suppose x = -0*y + 3*y - 462. Calculate the greatest common factor of a and y.
14
Let p = -24 - -26. Suppose 2*j - 44 = -p*c, -c = c - 2*j - 24. Calculate the greatest common factor of 119 and c.
17
Suppose 2*j + j = t + 2, 2*t + j = 3. Let w be (2/t)/((-3)/(-30)). Calculate the highest common factor of 220 and w.
20
Suppose 5*l - 4*i = 3*l + 94, -5*l - i + 213 = 0. What is the highest common factor of 86 and l?
43
Suppose 0 = -g - 1 - 17. Let v be (1 + (-4)/1)*(g + -10). Calculate the greatest common divisor of v and 6.
6
Let u(s) = -s**3 + 6*s**2 - 6*s - 11. Let c be u(-3). Calculate the highest common divisor of c and 22.
22
Suppose 55*z - 12760 = 15*z. Suppose 2*a = a - 4*i + 41, 0 = 4*a + 4*i - 128. Calculate the greatest common factor of a and z.
29
Suppose 0 = 2*j - 0 + 6. Let k = -357 + 363. Let t = k - j. Calculate the highest common divisor of t and 6.
3
Let h be 63/84*8/1. What is the highest common divisor of h and 144?
6
Let t(n) = -n**2 + 13*n + 18. Suppose 0 = 5*r + 15, 0 = 2*y + 2*y + 2*r - 34. Let a be t(y). Calculate the greatest common divisor of a and 12.
12
Let i be 4*2/(-18)*(3 + -21). Let l = 109 + -29. Calculate the highest common factor of i and l.
8
Let x be (-14)/(-63) - 752/(-18). Suppose -5*h = -3*k - 204, -4*h + 124 = -h - k. What is the greatest common factor of x and h?
42
Let h = 277 - 179. Suppose -378 = -n - h. Calculate the highest common divisor of n and 40.
40
Let j be 57 + (-1 + -1)*25/10. What is the greatest common factor of j and 12?
4
Let f = -331 + 541. What is the highest common divisor of 240 and f?
30
Suppose 3*h + 2*m - 22 = 0, -3 = -h - m + 3. Suppose -3*u + h = -u. What is the highest common factor of u and 2?
1
Let u(n) = -n**3 + 14*n**2 + 148*n + 36. Let j be u(19). What is the highest common divisor of j and 149?
149
Let t = 27 - 23. Suppose -y - 4*y = -2*j + 5, -j + t = -y. Suppose 2*u - 19 - j = 0. Calculate the highest common divisor of 18 and u.
6
Suppose 181 - 93 = f. Calculate the highest common factor of 8 and f.
8
Suppose 0 = -0*j - 3*j - 15. Let o be -4*9/15*j. What is the highest common factor of o and 132?
12
Let g(k) = k**3 - k**2 + 3*k - 17. Let m be g(7). Suppose 356 = 5*p + 2*n, 4*p - 3*n = 2*n + m. Calculate the greatest common divisor of 48 and p.
24
Let m be ((-5)/(-2 + -8))/((-2)/(-408)). What is the greatest common divisor of 459 and m?
51
Let y be (-1270)/3*((-252)/5)/21. Calculate the greatest common divisor of 381 and y.
127
Let j = 71 + -69. Suppose c - 19 = j*u + 59, -c - 2*u = -86. Calculate the highest common factor of c and 123.
41
Suppose -f + 2*b + 29 = -4*f, -5*f = -4*b + 85. Let x = 61 + f. Calculate the greatest common divisor of 24 and x.
24
Suppose o - 4*o - 47 = -101. Let a(w) = 4*w**2 + w - 5. Let f be a(4). What is the greatest common factor of o and f?
9
Suppose 9 = 7*r - 26. Suppose -3*a - r*j - 7 = 0, -5*j - 49 = -6*a + 2*a. Calculate the greatest common divisor of a and 102.
6
Suppose j + 3*j + 5*h + 400 = 0, -2*h = -3*j - 300. Let o = 141 + j. Calculate the highest common divisor of o and 287.
41
Let l be (-15 + 1 + 12)*-21 + (-2 - -4). Let o(c) = c + 4. Let r be o(-2). Let j be 1 - 1 - (-108 - r). What is the greatest common factor of l and j?
22
Let q = -162 + 163. Let s = 19 + -12. What is the greatest common factor of q and s?
1
Let l = 238 - 88. What is the greatest common divisor of 120 and l?
30
Let i(z) = -z**2 + 12*z - 6. Let y be i(11). Suppose y*m - 21 = 4*x - x, -2*x + 6 = 0. Calculate the greatest common divisor of 18 and m.
6
Let l = 41 + -41. Suppose l = -6*c + c + 5. What is the highest common divisor of 7 and c?
1
Suppose 1704 = -2441*s + 2449*s. Calculate the highest common divisor of s and 6.
3
Let x = 209 - 207. Suppose x*m = -s + 1, 0 = m - 3*s - 9 + 5. Suppose 0 = 4*n - 1 - 3. What is the greatest common divisor of n and m?
1
Let y(b) = -8*b - 64. Let v be y(-15). Calculate the greatest common factor of 24 and v.
8
Let s = 59 - 25. Let x be ((-6)/9)/(1/(-6)). Suppose s = 3*m + x*l, 7*m + 5*l = 3*m + 44. Calculate the highest common divisor of m and 2.
2
Let m = 1221 + -1161. Calculate the highest common factor of m and 690.
30
Let x = -598 - -1138. Calculate the highest common factor of x and 20.
20
Suppose 20 = 4*j, -3*k - 5*j + 265 = -0*k. Let t(f) = 501 - 8*f - 501. Let m be t(-4). What is the greatest common divisor of m and k?
16
Let a be 6/4*88/6. Suppose -3*u - 244 = u. Let r = -59 - u. What is the highest common factor of r and a?
2
Let w(f) = -2*f**2 - 35*f + 22. Let d be w(-17). What is the highest common divisor of d and 325?
13
Suppose -g - 8 = -2*u, -5*u + 6*g - 3*g + 21 = 0. Suppose 2*m = x + 43, 12 - 3 = u*x. Suppose 127 = 3*n - m. Calculate the greatest common factor of n and 20.
10
Let i(t) = -71*t - 49. Let l be i(-5). Calculate the greatest common factor of 34 and l.
34
Suppose -2840*i + 2842*i - 252 = 0. What is the highest common divisor of i and 168?
42
Let v = -142 + 342. Suppose 27*a = 22*a + v. Calculate the highest common divisor of a and 100.
20
Let y(s) = 19*s**2 + 7*s + 42. Let p be y(-4). Calculate the greatest common factor of p and 6.
6
Let h(j) = j. Let o be h(-4). Let n be -3 + (-4 - (-213 + o)). Let d be ((-12)/(-10))/(4/n). Calculate the greatest common factor of d and 9.
9
Let o = 551 - 480. What is the greatest common factor of 1136 and o?
71
Let b(y) = 4*y**2 + 14*y + 3. Let v be b(-3). Let p be 99 + ((-10)/v - 3)*0. What is the greatest common factor of p and 9?
9
Let b = 34 - 47. Let r = 4 + b. Let y be (-142)/r + 10/45. Calculate the greatest common divisor of y and 144.
16
Let f be ((-1)/(-4)*0)/1. Suppose -29*i + 34*i - 300 = f. What is the highest common divisor of i and 12?
12
Suppose -3*k - 5*o = -56, -k + 3*o = -o - 47. Let d(n) = -7*n**3 - n**2. Let g be d(-1). Let h be g/4*(-3 - -5). What is the highest common divisor of h and k?
3
Let c(x) = -48*x + 21. Let h be c(-2). Let w = 35 - 22. What is the highest common factor of w and h?
13
Let a(x) = 10*x + 16. Let u(w) = -w - 1. Let o(q) = -a(q) - 4*u(q). Let n be o(-7). Calculate the greatest common divisor of 75 and n.
15
Let k be 5/(20/1702) + 1/(-2). Let o be (-1)/8 - k/(-136). Calculate the greatest common factor of 24 and o.
3
Suppose -9*q = -15*q - 534. Let y = -34 - q. What is the highest common factor of y and 22?
11
Let b be 4/((1/(-3))/(1 + 0)). Let n be b/(-8)*(-8)/6 - -26. Calculate the highest common divisor of 36 and n.
12
Suppose -45 = -0*h - 5*h + 5*s, h + 21 = -5*s. Let f be h/5*(-1625)/(-26). Calculate the highest common factor of 125 and f.
25
Suppose -4*l + 1128 = 5*c + 97, -4*l + 3*c = -1039. What is the greatest common divisor of 111 and l?
37
Let b = 177 + -167. Let z be (-4)/18 - 274/(-1